*2. Calculate a(3).
-1
Let j(v) = 10*v. Suppose -7*m - 18 = -11. Give j(m).
-10
Let f(c) = 2*c**3 + c**2 - c + 2. Suppose m + w - 1 = 2*w, -m - 5 = -3*w. Let k be ((-15)/(-6) - 3)*m. Determine f(k).
-8
Let n(d) = -2*d + 4. Let x(a) = a - 2. Let r(y) = -3*n(y) - 5*x(y). Let k = -323 + 329. Determine r(k).
4
Let w be (-2 - 1)/(1*-1). Let k(q) = 1 + w - q - 1. Let x(u) = 26*u - 208. Let s be x(8). What is k(s)?
3
Let z(k) be the second derivative of 0 + k - 11/2*k**2 + 5/6*k**3. Let s(v) = 6*v - 12. Let o(x) = -6*s(x) + 7*z(x). Determine o(-4).
-1
Let h(a) = -a**3 + 3*a - 109 - a + a**2 + 108 + 0*a. Suppose -6*p = -p - 25. Suppose -10 - 4 = -3*i + 2*z, z = p*i - 14. What is h(i)?
-1
Let s(k) be the third derivative of 1/8*k**4 + 0 - 1/2*k**3 + 0*k + 8*k**2. Determine s(-3).
-12
Let r(o) = -o**2 + 5*o - 3. Let j be (-2)/(-3) + (-2)/(-6). Let t(k) = 3. Let y(m) = -4. Let w(q) = -5*t(q) - 4*y(q). Let a(b) = j*r(b) - 4*w(b). What is a(5)?
-7
Let j(a) be the second derivative of -1/4*a**4 + 2*a + 1/20*a**5 - 3/2*a**2 + 1/3*a**3 + 0. Suppose -i + 3 = -0. Give j(i).
3
Let j(m) = 2*m**3 + 2*m**2 - 3*m - 3. Let p(h) = -h**3 - 2*h**2 + 3*h - 2. Let k = 21 - 6. Suppose -4*b + 9*b = -k. Let f be p(b). What is j(f)?
-5
Suppose -9*v + 4*v + 65 = 0. Let n(r) = -r**3 + 14*r**2 - 14*r + 9. Let f be n(v). Let u(y) = 3*y + 6. Determine u(f).
-6
Let c be (-10)/3*(-30)/25. Let t be 7/c + 5/20. Let s(i) = -2*i**t + 1 + 3 - 1 - 2*i + 3*i**2. What is s(3)?
6
Let w(n) = n - 1. Let j(s) = -5*s**3 + 7*s**2 - 3*s - 10. Let b(m) = 2*m**3 - 2*m**2 + m + 3. Let u(k) = -7*b(k) - 2*j(k). Let q be u(-1). Calculate w(q).
3
Let h(u) = -u**2 - 5*u - 1. Suppose 0 = -5*z - 0 - 20. What is h(z)?
3
Let b(a) = 2*a - 4. Let s be b(3). Let f(p) = 3*p**s + p**2 + 3 + 3*p**2 - 2. Determine f(-1).
8
Let t(n) = 7*n - 2. Suppose -6 = 19*b - 22*b. Calculate t(b).
12
Let a be -2*(-1)/(-2) + 3. Let d be 2 + (-1 - 2) - -2. Let b(n) = -4*n**2 + 2*n**2 + n**2 - 3*n + d. Give b(a).
-9
Let h = -24 + 24. Let l(d) = -d + 1. Let k(f) = -5*f + 11. Let r(b) = k(b) - 6*l(b). Determine r(h).
5
Let m(o) = -6*o**2 - 1. Let z(s) = s**2 - 1. Let d be z(0). Calculate m(d).
-7
Let y(l) = -1 + 2 - l + 1. Let x = 9 - 5. Suppose 9*o + 30 = x*o + 5*t, -4*t = 2*o - 6. Determine y(o).
5
Suppose -4 + 10 = -3*h. Let d(b) = 8*b + 2. Let a(r) = -17*r - 4. Let q(t) = 2*a(t) + 5*d(t). Determine q(h).
-10
Let n(y) = 2*y**3 - y**2 - y + 1. Let v be n(2). Let d(t) = -v + 17 - 2*t - 8 - t**3 + 4*t**2. What is d(3)?
1
Let s(a) = -a**2 - 4*a + 7. Let k(t) = t + 1. Let j be k(-6). Give s(j).
2
Let n = -1 + 3. Let o(l) = -2 + 1 - 2*l + 4 + l**2 - 1. Give o(n).
2
Let g(r) be the second derivative of 0*r**2 - r + 0 + 1/6*r**3. Calculate g(6).
6
Suppose -k - 2*d = 2, 0 = -k - 0*k + 2*d + 10. Let g(n) = -k + 5 - 2*n - 2. Determine g(-3).
5
Let o(n) = n**3 + 2*n**2 - 2*n**2 + 4 - n - 3*n**2. Let b be (-4)/(-22) + 128/22. Suppose w + w - b = 0. Determine o(w).
1
Let n(f) = f**3 + f - 6. Let p(x) = -x - 10. Let z be p(-10). What is n(z)?
-6
Let t(f) = 24*f - 15. Let y(q) = 11*q - 7. Let d(z) = -6*t(z) + 13*y(z). Give d(-3).
2
Suppose -3*h - 4*a = -0*h + 11, 4*a + 32 = 4*h. Suppose -h = -n, j + 5*n = -2*j + 3. Let g(o) = -2*o - 10 - 12 + 16. Give g(j).
2
Let i(t) = 3*t**3 + 20*t**2 + 2*t + 8. Let b = -27 + 44. Let c(k) = k**3 + 7*k**2 + k + 3. Let x(j) = b*c(j) - 6*i(j). Let w be (-4 - 0)/(-8)*-6. Give x(w).
6
Suppose -2*y + 0*n = n - 5, -y + n + 1 = 0. Let x = 0 - -3. Let t(d) = -5*d + 3*d - 1 + x*d - y*d. What is t(-3)?
2
Let f(i) = 3 - 11 + i + 6. Let w be f(6). Let n(d) = -d**3 + 5*d**2 - 5*d + 4. Determine n(w).
0
Suppose -3*d - 4*c - 3 = 0, 3*d + 2*c = 5 - 14. Let n be (2/1)/((-1)/d). Let m(w) = -5 - 7*w + n + 5*w. Give m(4).
-3
Let x = 8 - 6. Let f(q) = -x*q + q**2 - 5 + q - 5*q. Calculate f(5).
-10
Let a(t) = -1 + 2*t + 4 - 4*t - 2 - t**2. Let y be a(-3). Let h(g) = -g - 1. Calculate h(y).
1
Let o(k) = -k**3 + k**2 + 5*k - 3. Suppose -5*x + 4*n + 23 = 0, -n = x + 2*n + 3. Give o(x).
-6
Suppose -t + x + 6 + 0 = 0, -2*x = 6. Let f(r) = t - 1 - r - 1. What is f(1)?
0
Let b(s) = 0 - s**3 + 3*s**2 + 2 + 2*s - 5*s. Determine b(3).
-7
Let v(d) = d**3 + 5*d**2 - 5*d - 1. Let l(b) = -b + 2. Let a be l(-3). Let y(t) = -t**2 + 5*t - 6. Let r be y(a). Give v(r).
-7
Let w(v) = 6*v + 1. Let b be w(-1). Let z(h) = h**3 + 2*h**2 - 2*h + 3. Let g(j) = j**3 + 3*j**2 - 2*j + 4. Let c(n) = b*g(n) + 6*z(n). Calculate c(4).
6
Suppose -3 = 3*w - 4*n + 7*n, 4*w - 2*n - 8 = 0. Let t(v) = 7*v - 1. Let u be t(w). Let i be 5 - (-2)/u*0. Let d(h) = h**3 - 6*h**2 + 6*h + 1. What is d(i)?
6
Let w(o) = -2*o - 7. Let s(z) be the third derivative of z**4/12 + 7*z**3/6 + 3*z**2. Let r(f) = 5*s(f) + 4*w(f). Determine r(-6).
-5
Let a be 18/30 - (64/(-10) - -2). Let m(v) = v**2 - 5*v - 7. Calculate m(a).
-7
Let g be 1/((2/4)/(3/(-6))). Let p(j) = 3*j. Determine p(g).
-3
Suppose -3*w + 5 = 2. Let m(h) = 3*h**2 - w - 4*h**2 - 3*h - 2*h. Let k(s) = -s**2 - 5*s. Let v(g) = 3*k(g) - 4*m(g). What is v(-4)?
0
Let y(b) be the first derivative of b**2 + 5*b - 2. Let l be y(-5). Let o(x) = -x**2 - 4*x + 5. Determine o(l).
0
Let y(g) = -g**2 - g - 1. Let i(j) = -3. Let t(u) = 7. Let c(x) = -5*i(x) - 2*t(x). Let v(s) = -2*c(s) - y(s). Calculate v(-3).
5
Let j = 27 + -25. Let g(p) = p - 1. Give g(j).
1
Let c(d) = -d**2 - 2 + 2*d - d**3 + 2. Let v(j) = -2*j**3 + 17*j**2 + 6*j + 24. Let m be v(9). Give c(m).
12
Let w(y) = 3*y + 3. Let h(p) = p + 1. Let s(u) = 4*h(u) - w(u). Let r(o) = -2*o - 2. Let m(b) = 2*r(b) + 3*s(b). Determine m(6).
-7
Suppose -c + 5 = -2. Let u(h) = -h + 9. Determine u(c).
2
Let r(z) be the first derivative of z**4/4 + z**3/3 - 3*z**2/2 + 2*z + 17. Let f = 6 - 9. What is r(f)?
-7
Suppose 6*d - 11 - 13 = 0. Let l(q) = d + 2*q - q + q - 6. Give l(2).
2
Let i = 11 - 7. Let u = i - -3. Let c(o) = -o - u + 0 + o**2 + 1. Determine c(0).
-6
Let v(x) = -3 - 2 + x + 0. Suppose 0 = -3*s + 4*s + 5. Let p(c) = -c**2 - 7*c - 7. Let g be p(s). Determine v(g).
-2
Let d be 6 - ((-9)/(-3) + 0). Let z(l) = l**3 - 11*l**2 - 4*l - 11. Let a(j) = j**3 - 10*j**2 - 3*j - 10. Let w(g) = -7*a(g) + 6*z(g). Calculate w(d).
4
Let f(s) = -100 + 100 + s**3 - 8*s**2. Give f(8).
0
Let i(j) be the third derivative of j**5/60 + j**4/4 - 2*j**3/3 + 11*j**2. Determine i(-6).
-4
Let y(d) = -d**3 + 3*d**2 + 3*d + 1. Let x(u) = u**2 - 1. Let q be x(2). Determine y(q).
10
Let u(w) = -3*w + 0*w - 3*w - 7 + 3*w. Give u(-5).
8
Let g(w) = -w**2 + 6*w - 5. Let q be g(4). Let r(p) = -p**2 + 3*p - 1. Let a be r(q). Let s(i) = 6*i. What is s(a)?
-6
Let s = 30 - 34. Let k(d) = -d**2 + 2*d + 6. What is k(s)?
-18
Let u = 28 - 17. Let v = u + -6. Suppose -5*o = -0*g + v*g - 15, 3*o - 19 = -5*g. Let x(y) = y**2 - 5*y + 2. Determine x(g).
2
Let t = -4 - -4. Suppose 3*s - 2*s - 3 = t. Let y(n) = -n**2 + n + 4. What is y(s)?
-2
Let x(d) = -7*d + 4. Let a(i) = 14*i - 9. Let g(j) = -4*a(j) - 9*x(j). Determine g(-3).
-21
Let k = 11 - 10. Suppose 3*o + k = 2*g, 9*g = 5*o + 4*g. Let f(c) = -8*c - 1. What is f(o)?
7
Let a(t) be the first derivative of 2*t - 1/3*t**3 - 6 + 2*t**2. What is a(6)?
-10
Let q(c) be the third derivative of -c**5/30 - c**4/12 - c**3/3 - c**2. Let f be ((-2)/18*6)/(4/18). Give q(f).
-14
Let p(a) be the third derivative of a**4/6 - 2*a**3/3 + a**2. Calculate p(4).
12
Let u(d) be the second derivative of d**6/360 + 7*d**5/120 + d**4/12 + d**3/3 - d. Let v(i) be the second derivative of u(i). What is v(-5)?
-8
Let s(b) = 14*b + 1. Let c be (-1 - 1)/(4/(-4)). Suppose 3*l - 5*r - 18 + 6 = 0, c = 4*l - 2*r. Determine s(l).
-13
Let y(k) be the second derivative of k**4/12 + 5*k**3/6 + k**2 + 4*k. Let d be y(-5). Let l(c) be the first derivative of -c**3/3 + c**2/2 + 2*c + 1. Give l(d).
0
Suppose 2*r - 30 = -3*r. Let m(v) = v**2 - 2 - 5*v - 7*v**3 + r*v + 2. What is m(-1)?
7
Let a be 9/6 + 1/2. Let g(u) = u - 2*u - 2 + 0*u**2 + 4*u - 2*u**a. Give g(2).
-4
Let p(x) = -x**3 - 3*x**2 - x - 1. Let i be p(-2). Let f(w) = -w + 4. Determine f(i).
7
Let j(w) = -w**3 - w**2 - 3*w - 10. Let a(d) = -2*d**3 - d**2 - 4*d - 9. Let v(i) = 2*a(i) - 3*j(i). Determine v(0).
12
Let k(g) = g**3 + 4*g**2 + g + 2. Let b be (27/6)/(1/2). Let z = 5 - b. Calculate k(z).
-2
Let a(d) = -2*d - 4. Let z(w) = w - 1. Let o(l) = a(l) 